common divisor of 6214 and 17208.
478
What is the highest common factor of 312 and 47528?
104
What is the greatest common factor of 24208 and 41474?
178
Calculate the greatest common factor of 62944 and 2576.
112
Calculate the highest common factor of 260 and 150580.
20
What is the greatest common divisor of 400154 and 92?
46
Calculate the greatest common divisor of 49524 and 3.
3
What is the greatest common divisor of 54 and 229527?
27
What is the greatest common factor of 939582 and 126?
126
What is the greatest common factor of 936 and 63?
9
Calculate the highest common divisor of 3540 and 683574.
354
What is the greatest common factor of 3500 and 37450?
350
Calculate the highest common divisor of 91 and 875.
7
What is the highest common factor of 1086 and 51150?
6
Calculate the greatest common divisor of 118162 and 2214.
82
What is the greatest common factor of 84597 and 1038?
519
Calculate the greatest common factor of 6 and 1564278.
6
What is the greatest common factor of 371848 and 424?
424
What is the highest common factor of 1641 and 768?
3
What is the greatest common factor of 34173 and 81?
9
What is the greatest common divisor of 3639492 and 324?
324
What is the greatest common factor of 413068 and 148?
148
Calculate the greatest common factor of 1190 and 18530.
170
Calculate the highest common factor of 8015 and 25.
5
What is the highest common divisor of 144352 and 1248?
416
Calculate the greatest common factor of 63 and 1392867.
63
What is the greatest common divisor of 118 and 598201?
59
What is the greatest common factor of 62056 and 16?
8
Calculate the greatest common factor of 306 and 10422.
18
What is the highest common divisor of 1449052 and 66?
22
Calculate the highest common divisor of 2494 and 2150.
86
Calculate the highest common factor of 2442 and 7062.
66
What is the highest common factor of 246 and 102746?
82
What is the greatest common divisor of 9999 and 396?
99
Calculate the highest common factor of 1179975 and 50.
25
Calculate the highest common divisor of 23624 and 64.
8
Calculate the highest common factor of 7776 and 31968.
864
What is the highest common factor of 1652 and 196?
28
What is the highest common factor of 536 and 1256585?
67
What is the highest common factor of 53715 and 2505?
15
What is the greatest common divisor of 2015 and 85865?
65
What is the highest common divisor of 4176 and 14848?
464
What is the highest common divisor of 4680 and 423?
9
Calculate the highest common divisor of 415 and 715045.
415
Calculate the greatest common divisor of 695 and 387671.
139
Calculate the highest common divisor of 78 and 222744.
6
What is the greatest common divisor of 19 and 653277?
19
What is the highest common divisor of 38613 and 42456?
183
Calculate the highest common divisor of 89425 and 584.
73
Calculate the highest common factor of 417 and 232.
1
Calculate the greatest common factor of 6146 and 749.
7
Calculate the greatest common factor of 40 and 335180.
20
What is the greatest common factor of 1380 and 251620?
460
What is the greatest common factor of 84524 and 20?
4
Calculate the greatest common factor of 54250 and 2700.
50
What is the greatest common divisor of 179792 and 112?
16
What is the greatest common divisor of 759499 and 962?
481
Calculate the greatest common factor of 410877 and 1286.
643
Calculate the greatest common factor of 876801 and 3.
3
What is the highest common factor of 513402 and 82?
82
What is the highest common factor of 55011 and 66?
33
Calculate the greatest common factor of 52 and 22328.
4
Calculate the greatest common factor of 208 and 13168.
16
Calculate the highest common factor of 152 and 76380.
76
What is the highest common divisor of 2299 and 627?
209
Calculate the greatest common factor of 1128 and 360678.
282
Calculate the greatest common factor of 11732 and 13748.
28
What is the highest common divisor of 552197 and 19?
19
Calculate the highest common divisor of 2016 and 1260.
252
What is the highest common factor of 417 and 82149?
417
What is the greatest common divisor of 50340 and 45?
15
Calculate the highest common divisor of 364994 and 58.
58
Calculate the greatest common factor of 850 and 252790.
170
Calculate the greatest common factor of 1353971 and 137.
137
What is the highest common factor of 3510 and 5310?
90
Calculate the greatest common divisor of 32 and 33868.
4
Calculate the highest common divisor of 9608034 and 813.
813
What is the highest common divisor of 6 and 7233?
3
What is the greatest common factor of 178680 and 75?
15
What is the greatest common factor of 38590 and 130?
10
What is the greatest common factor of 8 and 386504?
8
Calculate the greatest common divisor of 1532698 and 796.
398
Calculate the greatest common factor of 4416 and 30336.
192
What is the highest common divisor of 20768 and 4576?
352
What is the greatest common divisor of 1691435 and 5?
5
Calculate the greatest common divisor of 37655 and 68.
17
What is the highest common divisor of 12673 and 6699?
29
Calculate the greatest common factor of 148280 and 88.
88
Calculate the highest common divisor of 1705 and 452155.
55
Calculate the highest common divisor of 37 and 1617307.
37
Calculate the highest common factor of 520403 and 13.
13
Calculate the highest common factor of 3289 and 98164.
253
What is the highest common factor of 109 and 26378?
109
What is the greatest common factor of 1840 and 308384?
368
Calculate the greatest common divisor of 43845 and 120.
15
What is the greatest common divisor of 13473 and 35613?
27
What is the greatest common factor of 2441447 and 131?
131
What is the greatest common factor of 1400 and 225?
25
Calculate the greatest common factor of 4 and 187478.
2
Calculate the greatest common divisor of 6800 and 28866.
34
Calculate the greatest common factor of 123598 and 174.
58
Calculate the greatest common factor of 34015 and 20.
5
Calculate the highest common divisor of 8246 and 224.
14
What is the highest common factor of 206928 and 1728?
432
Calculate the greatest common divisor of 577664 and 128.
128
Calculate the highest common factor of 133344 and 228.
12
What is the highest common factor of 3124 and 1790833?
781
What is the greatest common factor of 820 and 7216?
164
Calculate the highest common factor of 2613000 and 480.
120
Calculate the highest common factor of 170460 and 460.
20
Calculate the highest common divisor of 113 and 66218.
113
Calculate the greatest common divisor of 1735874 and 196.
98
Calculate the greatest common divisor of 77652 and 108.
108
What is the highest common divisor of 2720 and 288?
32
What is the highest common factor of 350 and 30400?
50
What is the greatest common divisor of 426 and 334836?
426
Calculate the highest common divisor of 20 and 93710.
10
Calculate the greatest common divisor of 1520 and 476330.
190
Calculate the greatest common factor of 103 and 851089.
103
Calculate the greatest common factor of 1416307 and 815.
163
What is the highest common factor of 44528 and 12397?
253
What is the highest common factor of 12 and 3318?
6
What is the highest common divisor of 3239 and 1927?
41
What is the highest common factor of 15447 and 542?
271
Calculate the greatest common divisor of 504208 and 80.
16
Calculate the greatest common divisor of 3392 and 1590.
106
What is the greatest common factor of 273 and 290823?
39
What is the greatest common factor of 1793681 and 191?
191
What is the highest common factor of 12934 and 406?
58
Calculate the highest common divisor of 21 and 8661.
3
What is the highest common divisor of 201960 and 88?
88
Calculate the greatest common divisor of 333 and 214267.
37
What is the highest common divisor of 51 and 3108535?
17
What is the highest common divisor of 224 and 482144?
32
What is the highest common factor of 194753 and 7807?
211
Calculate the highest common divisor of 439669 and 261.
29
What is the greatest common divisor of 8 and 35128?
8
What is the highest common divisor of 552 and 18699?
69
What is the highest common divisor of 330 and 16610220?
330
Calculate the greatest common divisor of 97966 and 1586.
122
Calculate the highest common factor of 70834 and 7490.
214
What is the greatest common divisor of 21330 and 315?
45
Calculate the greatest common divisor of 